at is the units digit of b?
7
Let q(n) = -n**3 + 22*n**2 - 42*n + 14. What is the tens digit of q(13)?
8
Suppose -10*s + 6*s - 3361 = -5*r, -5*r + 2*s + 3363 = 0. What is the units digit of r?
3
Let w = -2 + 6. Suppose -6 = -3*a, -a = -h + w*a - 6. What is the units digit of 2/h - (-46)/4?
2
Let p(h) = 8*h - 4. Let v be p(1). What is the tens digit of (1 + 1)*((-2214)/v)/(-9)?
2
Let z(f) = f**2 + 10*f + 4. Let m be z(-9). Let h(y) = -y - 2. Let w be h(m). Suppose w*s = -4*n, 3*n - s + 2 = 5*n. What is the units digit of n?
3
Suppose 35*x = 32*x + 2*j + 629, 3*x - 4*j = 619. What is the units digit of x?
3
Suppose 73*o - 80*o + 4935 = 0. What is the tens digit of o?
0
Let l(d) = -14*d + 131. What is the units digit of l(9)?
5
Let w = 14 - 14. Suppose -l + 2 = w, 5*n - 117 - 77 = 3*l. Suppose 4*d + 2*q - 128 = 0, 2*d - n = 4*q + q. What is the tens digit of d?
3
Suppose -z - 4*h + 128 = 0, 2*z - 274 = 6*h - 5*h. What is the hundreds digit of z?
1
Suppose -3*q = -7*q. Let z be q/(-2 - (-9)/3). Suppose z*i + 4*i = 56. What is the tens digit of i?
1
Let t(o) = o**2 - 3*o + 15. Let q be t(-5). Suppose -4*r - q = -3*b + 59, -r = -2*b + 81. What is the units digit of b?
2
Let y(k) = 9*k**2 - 5*k - 144. What is the tens digit of y(13)?
1
Let c be 1/5 + (-45)/(-25). What is the units digit of c/9 - (-1668)/27?
2
Let f(l) = l**3 + 18*l**2 - 6*l - 4. What is the units digit of f(-18)?
4
Let a(o) = -2*o**3 - o**2 + 6*o + 4. Let i(h) = 2*h**2 - 17*h - 13. Let y be i(9). What is the tens digit of a(y)?
9
Let w be 5/(-2)*11*16/(-10). Suppose -w = -3*q + 205. What is the tens digit of q?
8
Suppose -2*j + 37*j - 53165 = 0. What is the thousands digit of j?
1
Let p(g) = -g**2 - 16*g + 86. What is the units digit of p(-18)?
0
Let v(r) be the third derivative of 0 + 1/40*r**6 + 0*r + r**2 + 1/2*r**3 - 1/6*r**4 + 1/20*r**5. What is the units digit of v(2)?
1
Let o(h) = h - 1. Let f be o(1). Let w(v) = v**2 - v + 25. Let c be w(f). Let p = c + -13. What is the units digit of p?
2
Let y = -20 + 35. Let j be y*(-3 - 56/(-12)). Let o = -17 + j. What is the units digit of o?
8
Suppose 3*d + 2*g = 3961, 16 = 3*g + 1. What is the thousands digit of d?
1
What is the units digit of 2 - (-6)/(12/(-119))*-4?
0
Let s be 4/9*(-9)/(-2). Suppose 2*f = -5*y + 463, -3*f - s*f = -5*y - 1140. What is the units digit of f?
9
Suppose 5*x - 88 = -r, 3*x - 2*x - 92 = -r. What is the units digit of r?
3
What is the tens digit of (-6 - 302/1)*-1?
0
Let w be (0 + 3/6)*54. Let g = w - 8. What is the units digit of g?
9
Let d(b) = b**3 - 15*b**2 + 13*b - 7. Let m be d(15). Suppose 0 = 3*z + 3*k - 159, 4*k + m - 58 = 2*z. What is the units digit of z?
7
Let t(z) = z - 18. Let b be t(8). Let i = -12 + b. Let m = i + 62. What is the tens digit of m?
4
Suppose 0 = 5*b - 2*m + 92, 2*m = m - 4. Let k = 34 + b. Let i = k + -4. What is the tens digit of i?
1
What is the tens digit of ((-19195)/(-77))/((-4)/(-28))?
4
Let n(p) = 5*p - 6. Let t = 9 - 7. Suppose t*c = 14 - 6. What is the units digit of n(c)?
4
Let g = 14 + -9. Suppose 294 = g*z + z. What is the tens digit of z?
4
Let h = -48 + 47. What is the units digit of 14*(h - (-100)/28)?
6
Let j(w) = 2*w**2 - 67*w + 25. What is the thousands digit of j(47)?
1
Let k = 40 + -61. Let v = k + 24. Suppose 3*b + 175 = 5*p, -2*p + 5*p + v*b = 105. What is the tens digit of p?
3
Let s(y) = -21*y - 19. Let p be s(14). Let n = -216 - p. What is the tens digit of n?
9
Suppose -4*l - 573 = -r, -2*r - 9*l + 1155 = -8*l. What is the tens digit of r?
7
Let d(g) = g + 6. Let h be d(5). What is the units digit of (-5 + 0)*(h + -12)?
5
Suppose 30 = 2*g + 3*g. Let w(c) be the third derivative of -c**6/120 + 2*c**5/15 - c**4/3 + 4*c**3/3 - 35*c**2 - 2*c. What is the tens digit of w(g)?
3
Let i(v) = -3*v**3 + 18*v**2 - 16*v + 27. Let g(c) = c**3 + c**2 - c - 1. Let z(u) = 2*g(u) + i(u). What is the tens digit of z(19)?
4
Let q(f) = -f**3 + 3*f**2 + 2*f - 2. Let h be q(3). What is the units digit of h/(-2)*(1 + -6)?
0
Let o = 10445 - 7375. What is the tens digit of o?
7
Suppose 10*l - 23 = 9*l. Let s be (-6)/27 - (-40)/18. Suppose -2*x = -x - s*t - l, 2*x + 3*t = 11. What is the tens digit of x?
1
What is the hundreds digit of -2*(839 - 5)/(-3)?
5
Suppose 5*a = -4*r + 592, -12 + 4 = -2*a. Let o = 201 - r. What is the tens digit of o?
5
Suppose 0*k + 5*k - 2*k = 0. Suppose -4*i + 0*i + 200 = k. What is the units digit of i?
0
Let d(v) = -33*v + 38. What is the units digit of d(-6)?
6
Suppose 5*y - 15894 = -4574. What is the thousands digit of y?
2
Let c(o) = 29*o**2 - o - 16. What is the tens digit of c(6)?
2
Let v(y) = 2*y. Let h be v(1). Suppose 12 = -3*m - 0*m. What is the tens digit of m/(-4) - -8*h?
1
Let z(n) = -4. Let k(j) = 27*j - 5 + 31*j - 57*j. Let g(i) = -4*k(i) + 5*z(i). What is the tens digit of g(-7)?
2
Let n(x) be the second derivative of x**5/20 - x**4/12 + 2*x**2 - 9*x. Let t be n(0). Suppose -5*y + 24 = t. What is the units digit of y?
4
Let d(y) = 7 - 3*y**2 + y**2 - 3 + 3*y**2 - 2*y. What is the units digit of d(6)?
8
Let c = -30 - -35. Suppose c*r + 86 = 266. What is the tens digit of r?
3
Let w(q) = -q**2 + 20*q - 34. Let a be w(18). Suppose 4*s - 306 = -0*v - a*v, -2*v + 2 = 0. What is the units digit of s?
6
What is the thousands digit of -5 - (1 + (-13)/2)*206?
1
Let o(u) = -256*u - 38. What is the units digit of o(-2)?
4
Let d = -71 + 64. Let q(n) = n**2 + 5*n - 6. Let k be q(-8). Let m = d + k. What is the units digit of m?
1
What is the hundreds digit of (524/10)/((-11)/(-55))?
2
Suppose -3*i = -3*v + 1062, -1436 = -4*v - i - 0*i. Suppose -2*c + 337 = 4*k - 137, 3*k - v = -c. What is the tens digit of k?
2
Let o = -723 + 1649. What is the hundreds digit of o?
9
What is the hundreds digit of (-3856)/(-9) + 108/(-243)?
4
Let a be (-4 + 5)*(-4)/(-6)*-9. Let g be (-146)/(-10) + 2/5. Let i = a + g. What is the units digit of i?
9
Let f(o) = -o**3 + 13*o**2 - 18*o - 19. Suppose -a = -3*q + 3 + 34, 35 = 5*q + 5*a. What is the tens digit of f(q)?
2
Let w be -10 + 6 + (-8)/(-2). Suppose w = 2*a - 592 + 186. Suppose -a - 26 = -4*v + 3*l, -5*l - 180 = -3*v. What is the tens digit of v?
5
What is the units digit of ((-4)/6)/(5 + (-12814)/2562)?
7
Suppose -17 = -5*i + 2*v, 2*i - 5 = v + 1. Suppose -i*y = -13 - 7. Suppose y*z = 60 - 20. What is the units digit of z?
0
Let t(a) = -a**2 - 20*a - 15. Let g be t(-19). Suppose 0 = j - d - 110 - 83, -j + g*d = -208. What is the tens digit of j?
8
What is the hundreds digit of 884*(-3)/10*75/(-90)?
2
Let j(k) = 19*k - 3. Let p be j(3). Let q = p - 33. Let g = q + -8. What is the tens digit of g?
1
Suppose 2*d - 5*l - 99 = 0, 2*d + 3*l - 129 = 2*l. Suppose -3*t - 2*t - k = -73, 4*t = k + d. Let p = 78 - t. What is the units digit of p?
3
Let g(w) = w**2 + 7*w - 2. Let d be g(-7). What is the tens digit of (130/4 - d)*(3 - 1)?
6
Suppose 12*p - 6 = 1326. What is the tens digit of p?
1
Let a(s) = -7*s**2 - 7*s + 12. Let c(p) = -8*p**2 - 8*p + 14. Let k(d) = -4*a(d) + 3*c(d). Suppose -3*x - x = 16. What is the tens digit of k(x)?
4
Let b(x) = 14*x**2 - 333 + 675 - 337. Suppose -z + 0*z = -2. What is the units digit of b(z)?
1
Let g(s) = 42*s**3 - s**2 + 1. Let q be g(-1). Let x = 56 + q. What is the tens digit of x?
1
Let u be 1007/(-6) + 3/(-18). Let w be 4/(-10) + u/30. Let d(i) = -i**3 - 6*i**2 - 4*i - 8. What is the units digit of d(w)?
6
Suppose -4*y - 760 = 6*y. Let b = 111 + y. What is the tens digit of b?
3
Let l be (-4)/14 - 23/(-7). Suppose 0 = -j + l*j - 160. What is the tens digit of j?
8
Suppose 5*z - 1994 = -0*y + y, -1198 = -3*z + y. What is the units digit of z?
8
Let i = -60 + -10. What is the units digit of (-2072)/i - 1*(-2)/5?
0
Let v(q) = -104*q + 7. Let i(u) = -52*u + 4. Let r(m) = 5*i(m) - 2*v(m). What is the units digit of r(-2)?
0
Suppose 0 = 4*k - 5*k + 4. Suppose z - k = -z. Suppose z = -q + 7. What is the units digit of q?
5
Suppose 2*p = -2*s + 808, -3*s - 2052 = 4*p - 9*p. Suppose 5*k - 329 = -4*h, -5*k + h - 84 + p = 0. What is the units digit of k?
5
Let c(r) be the first derivative of -2*r**2 - 3*r + 6. What is the units digit of c(-13)?
9
Let y be (-5636)/(-32) + (-2)/16. Suppose -y = -2*p - 36. What is the tens digit of p?
7
Let y(x) = 2*x**3 - 4*x**2 + 5*x + 13. Let p be y(6). 